Suppose 59 = i - 232. What is the units digit of (i - -10)/(-2*(-1)/2)?
1
Let m = -835 - -1908. What is the thousands digit of m?
1
Suppose 7*d + 1144 = 3*k + 5*d, -5*k - 2*d = -1880. What is the hundreds digit of k?
3
Let o = 3560 - 1869. What is the thousands digit of o?
1
Suppose 8*d - 11*d - 9747 = -4*a, 5*a + 4*d = 12176. What is the hundreds digit of a?
4
What is the hundreds digit of -13*(160/(-30))/(2/12)?
4
Suppose -61*t - 13825 + 64760 = 0. What is the hundreds digit of t?
8
Let h(t) = 18*t - 81. What is the tens digit of h(28)?
2
Suppose 2*u = -365 - 109. Let g = u - -380. What is the hundreds digit of g?
1
Let p be (-1)/(14/4 - 4). Suppose -d + p*d = 0. Suppose d*n - 4*n = -80. What is the units digit of n?
0
Let z = 4588 - 2838. What is the hundreds digit of z?
7
Let b(z) = -z**3 + 6*z**2 + 7*z + 5. Let i be b(7). Suppose -p + i*p - 256 = 0. What is the tens digit of p?
6
What is the tens digit of ((-8080)/200)/(1 + 16/(-15))?
0
Let z = -464 + 961. What is the units digit of z?
7
Suppose 0 = 3*p + y + 36, 3*y - 5*y - 61 = 5*p. Suppose 2 = -4*m - 70. Let t = p - m. What is the units digit of t?
7
Let j(n) = 2*n**3 + 4*n - 4. Let p be j(2). Let s(y) = -y**3 + 20*y**2 + y + 33. What is the tens digit of s(p)?
5
Suppose 5*t - 6*t = -b - 238, b + 964 = 4*t. Let n = t + -100. What is the tens digit of n?
4
Let o(j) = -j**3 - 6*j**2 - 6*j - 7. Let q be o(-7). Suppose 3*t - 285 = -q. What is the tens digit of t?
6
Suppose -8*p + 11195 = -3005. What is the hundreds digit of p?
7
Suppose -2*f - 3*v = -210, 0 = 2*f - 5*v - 57 - 153. Suppose p - 4*s = -4*p + 120, -4*p + 5*s + f = 0. What is the tens digit of p?
2
Let z(h) = 30*h - 3. Suppose 34*k - 35*k = -1. What is the tens digit of z(k)?
2
Suppose 6 = -4*n + n. Let t be 2 + 4/8*n. Suppose -44 = -m - t. What is the tens digit of m?
4
Let y(w) = -48*w + 201. What is the units digit of y(-32)?
7
Suppose -4*n + 6 = 3*t, 4*t - t = 5*n + 6. Let q(h) = -h + 3. Let y be q(3). Suppose t*d + 2*d - 16 = y. What is the units digit of d?
4
Suppose i = -3*i - 12. Let q be 3 - 1 - (-140)/5. What is the units digit of (0 - 1)/(i/q)?
0
Suppose -5*h = g + 2*g + 38, h = 3*g + 14. What is the tens digit of 3/g*1*-68?
3
Let u = 913 - -306. What is the units digit of u?
9
Let s be (-4)/(-24) + (-1)/6. What is the units digit of 0 + (2 + 80 - (s + -2))?
4
Let o(c) = -3*c**3 + 2*c**2 - 1. Let w be o(-1). Suppose -5*h + 4*p = -11, -h - p + 0*p = -w. Suppose 5*m = h*m + 80. What is the tens digit of m?
4
What is the tens digit of (-17)/((-85)/(-1450))*-1?
9
Suppose 2 + 7 = 3*t. Suppose t*h - 4 = -49. What is the tens digit of 63 + h/(-3) + -4?
6
Let r = -5 + 7. Suppose 23 - r = -v + 3*n, -n - 1 = 0. Let k = -7 - v. What is the units digit of k?
7
Let y(u) = u - 5. Let t be y(-5). Let g = t - -13. Suppose -g*f - 1 = -25. What is the units digit of f?
8
Let l be (135/(-60))/(3/(-8)). Suppose 5*p - l*p + 34 = 0. Let j = p - -20. What is the tens digit of j?
5
Suppose -4*t + 4 = -12. Suppose -5*o - 3*l + 0*l - 193 = 0, -3*o = -t*l + 110. Let u = o + 65. What is the tens digit of u?
2
Suppose t = -2*r + 560, 7*t - 8*t + 554 = 5*r. What is the hundreds digit of t?
5
Let i(r) = r**2 - 2*r - 8. Let b(k) = k - 1. Let j(x) = -2*b(x) + i(x). Let h be j(5). Let c = 17 + h. What is the tens digit of c?
1
Let a = 6 - -2. Suppose a + 2 = 2*i. Suppose -3 = -4*y - 3*f + 11, 3*y = -i*f + 5. What is the units digit of y?
5
Suppose -5*v - 54 = 2*x, -6 = -x - 3. Let q be 6/12*(-2 - v). What is the units digit of ((-4)/q)/((-3)/15)?
4
Let c be (5 - -5 - -5) + -5. Suppose c*t - 1259 - 41 = 0. What is the tens digit of t?
3
What is the tens digit of 17 - (-3285)/(-195) - (-14504)/26?
5
What is the hundreds digit of (-28730)/(-51) - 4/(-6)?
5
Suppose -u + 416 = 3*u. Let z = 174 - u. What is the units digit of z?
0
Let h be 2772/30 - 2/5. Let p = h + -7. What is the units digit of p?
5
What is the tens digit of (-2)/(-7*(-4)/(-16604))?
8
Suppose c + 0*q = -3*q + 4, 5*c + 20 = 5*q. Let d be c/((-21)/9 - -3). What is the units digit of 0 - (3/1)/d?
1
Let j = 4321 + -2384. What is the thousands digit of j?
1
Suppose m - 10 = 3*p + 4, 14 = m + 2*p. Suppose -3*q = -5*q - 4*h - 8, -h + 7 = -4*q. Let g = m - q. What is the units digit of g?
6
Let s(o) = -14*o + 11*o - 10 + o**2 + 9*o. What is the units digit of s(-12)?
2
Let v(z) = 8*z + 45. Let n be v(-5). Suppose -5*o + n*a = -510, -2*a = 2*o - 240 + 48. What is the units digit of o?
9
Suppose 0*w + 4*w = 0. Let l be (-8)/52 + (-4)/(-26). Suppose l*s + s - 6 = w. What is the units digit of s?
6
Suppose -3*i - h = 3*h - 148, 2*h - 48 = -i. What is the units digit of i?
2
Suppose 2*w - 9 = -w. Suppose -8 = -w*g + 1. What is the units digit of g - (-3 + 1) - -2?
7
Suppose -6*d + 3056 + 5512 = 0. What is the units digit of d?
8
Let f be (-630)/(-28)*4*(-2)/6. Let u = 199 + f. What is the tens digit of u?
6
Let k(f) = f**3 + 2*f**2 - 2*f - 44. What is the tens digit of k(7)?
8
Let v be (-15)/30 - 50/(-4). Let q = v + 61. What is the tens digit of q?
7
Let c be 147*(11/(-3))/((-10)/(-20)). What is the hundreds digit of 7/(210/(-18)) - c/5?
2
Suppose -5*w = 3*n - 1029 - 8463, 5 = -5*n. What is the hundreds digit of w?
8
Let s = 685 + -297. Suppose -3*q - 204 = -x - 8*q, 5*q - s = -2*x. What is the hundreds digit of x?
1
Suppose 5*f + 3*m - 12344 = 0, 0 = 2*f + 3*m - 3744 - 1199. What is the tens digit of f?
6
Suppose -13*d - 1186 = -5216. What is the units digit of d?
0
Suppose 15 = -5*z + 2*g, -16 = 4*z - 4*g - 4. Let h be (4 + z)/(2/(-10)). Let k = h + 34. What is the units digit of k?
9
Suppose 0 = -5*l + 5*i + 855, -l - 5*i + 171 = -2*i. What is the units digit of l?
1
Suppose 28 = 4*r - 84. Suppose -2*s + 3*o + r = -0*o, 0 = 2*s - 4*o - 28. What is the units digit of ((-14)/4)/((-7)/s)?
7
Let u = -12 + 16. Suppose 6*l - l - 110 = u*d, 4*l = -8. Let n = 7 - d. What is the tens digit of n?
3
What is the units digit of (-3 - -4)/((-5)/(-4555))?
1
Let u = 14 + -15. Let w = -6 - u. Let s(x) = x**3 + 6*x**2 + 3*x. What is the tens digit of s(w)?
1
Let v = 4132 - -392. What is the units digit of v?
4
Suppose 5*s - 12 = 2*s. Suppose 2*b + s*v + 33 = -73, 0 = 3*b + 2*v + 143. Let x = 85 + b. What is the units digit of x?
0
Suppose 1049*z - 1053*z + 2796 = 0. What is the units digit of z?
9
Let s(i) = -5*i - 1. Let h(j) = 9*j - 1. Let v be h(1). Suppose -4*w = 0, -4*a = -3*w + 8*w + v. What is the units digit of s(a)?
9
Let c(k) = -2*k + 15. Let m be c(8). What is the tens digit of 30 + m + 4 + -2?
3
Suppose 2 = 3*g + c - 2*c, 4*g + 5*c = 28. Let j = g - 0. Suppose 4*d + 193 = 5*u, -5*u - j*d + 204 = -7. What is the tens digit of u?
4
Suppose 0 = -4*d + 20*d - 76816. What is the tens digit of d?
0
Suppose -30 = -2*u - c, -16 = -5*u - 3*c + 58. What is the units digit of u?
6
Let x(g) = g**2 - 6*g + 7. Let i be x(0). What is the hundreds digit of (21/i)/((-6)/(-340))?
1
Suppose 6*d - 3*d - 5432 = -4*r, 0 = -4*d + 5*r + 7222. What is the tens digit of d?
0
Suppose -15*l = l. Suppose l = 7*t - 11*t + 156. What is the tens digit of t?
3
Suppose 0 = 3*f + 2*f + 4*j - 42, -18 = -2*f - 2*j. Suppose -f*w - 32 - 16 = 0. Let m = w - -20. What is the units digit of m?
2
Suppose -884*n = -902*n + 50094. What is the tens digit of n?
8
Let x(h) be the third derivative of h**6/120 + h**5/10 + 5*h**4/24 - h**3/3 - 5*h**2. Let z be x(-5). Let q = 20 - z. What is the units digit of q?
2
Suppose 3*v - 409 = -4*l, -5*l + 559 = -4*v + 40. What is the units digit of l?
3
Let p(j) = j - 3. Let q be p(-3). Let i(c) be the second derivative of -c**3/6 + 7*c**2/2 - 2*c + 2. What is the tens digit of i(q)?
1
Let b = 7338 + -2771. What is the hundreds digit of b?
5
Suppose -17*c + 1141 = -1290. What is the units digit of c?
3
Let k(t) = -t**3 - 28*t**2 - 9*t + 93. What is the tens digit of k(-30)?
6
Suppose q + 12 = 4*q. Suppose -2*s + 9 = -3*n, -3*s + 2*n = 7*n - q. What is the units digit of 2 + s/1 + 3?
8
Let l = -563 - -2074. What is the thousands digit of l?
1
Let y(n) = 41*n + 2. Suppose 2*v = h + 57, 2*h = -2*v + 4*h + 58. Let r = -27 + v. What is the units digit of y(r)?
3
Suppose 10*d - 1195 = 15*d. Let w = -122 - d. What is the tens digit of w?
1
Suppose 4*m - 3*k = k + 236, 3*m + 5*k = 169. What is the tens digit of m?